 greatest common divisor of 34 and 334?
2
What is the highest common divisor of 1785 and 51?
51
What is the greatest common factor of 27157 and 13?
13
What is the highest common factor of 77 and 11?
11
What is the greatest common divisor of 3263 and 13?
13
What is the greatest common divisor of 3328 and 52?
52
What is the greatest common divisor of 40 and 2264?
8
What is the greatest common divisor of 9 and 1899?
9
Calculate the highest common factor of 72 and 6768.
72
Calculate the greatest common factor of 1215 and 45.
45
What is the highest common factor of 1280 and 20800?
320
What is the highest common divisor of 1870 and 680?
170
What is the greatest common factor of 153 and 459?
153
What is the greatest common divisor of 385 and 11?
11
What is the greatest common factor of 350 and 150?
50
What is the greatest common factor of 9 and 117?
9
Calculate the greatest common factor of 187 and 594.
11
What is the highest common factor of 280 and 216?
8
Calculate the highest common factor of 123 and 1271.
41
What is the highest common factor of 253 and 92?
23
What is the greatest common divisor of 1033 and 2?
1
What is the highest common divisor of 400 and 48?
16
Calculate the greatest common divisor of 18 and 10.
2
Calculate the highest common factor of 45 and 360.
45
What is the highest common divisor of 27630 and 9?
9
What is the greatest common factor of 442 and 312?
26
What is the highest common factor of 325 and 1040?
65
Calculate the greatest common factor of 1240 and 110.
10
What is the greatest common factor of 24 and 392?
8
What is the highest common divisor of 1024 and 8?
8
Calculate the highest common divisor of 8 and 1576.
8
What is the highest common divisor of 228 and 4959?
57
Calculate the greatest common divisor of 19 and 893.
19
What is the highest common divisor of 24 and 32?
8
Calculate the greatest common divisor of 2944 and 2668.
92
Calculate the greatest common factor of 9253 and 19.
19
What is the highest common divisor of 79 and 1501?
79
Calculate the highest common factor of 89 and 7.
1
Calculate the highest common factor of 72 and 27288.
72
Calculate the greatest common divisor of 121 and 297.
11
Calculate the highest common factor of 208 and 9750.
26
What is the highest common divisor of 68 and 748?
68
Calculate the highest common divisor of 30 and 980.
10
What is the greatest common factor of 30 and 165?
15
What is the highest common factor of 18428 and 68?
68
What is the greatest common factor of 90 and 110?
10
What is the greatest common divisor of 260 and 4?
4
What is the greatest common factor of 3 and 4?
1
Calculate the greatest common divisor of 62 and 589.
31
Calculate the highest common divisor of 333 and 9.
9
What is the highest common divisor of 105 and 168?
21
What is the greatest common factor of 3 and 96?
3
Calculate the greatest common divisor of 8 and 52.
4
What is the highest common factor of 24 and 416?
8
Calculate the highest common factor of 2 and 43.
1
What is the highest common factor of 256 and 64?
64
What is the greatest common divisor of 98 and 70?
14
Calculate the highest common divisor of 53 and 14681.
53
What is the greatest common divisor of 16 and 18896?
16
Calculate the greatest common divisor of 20 and 130.
10
What is the highest common divisor of 16426 and 573?
191
Calculate the highest common divisor of 171 and 2421.
9
Calculate the greatest common divisor of 512 and 1472.
64
Calculate the highest common divisor of 413 and 28.
7
Calculate the highest common divisor of 121 and 11.
11
Calculate the greatest common divisor of 1380 and 60.
60
Calculate the greatest common divisor of 105 and 665.
35
What is the greatest common factor of 100 and 480?
20
Calculate the greatest common divisor of 94385 and 215.
215
Calculate the highest common divisor of 154 and 176.
22
What is the highest common factor of 897 and 117?
39
Calculate the highest common factor of 166 and 3071.
83
What is the highest common divisor of 10 and 75?
5
Calculate the highest common factor of 34 and 47566.
34
What is the greatest common factor of 56 and 40?
8
What is the highest common factor of 73 and 1?
1
What is the highest common factor of 780 and 140?
20
What is the greatest common factor of 24161 and 74?
37
Calculate the highest common divisor of 174 and 290.
58
Calculate the greatest common divisor of 204 and 12.
12
What is the highest common factor of 81 and 621?
27
Calculate the greatest common factor of 77 and 1463.
77
What is the greatest common factor of 80972 and 31?
31
Calculate the greatest common factor of 730 and 292.
146
Calculate the highest common divisor of 961 and 1023.
31
Calculate the highest common divisor of 240 and 8720.
80
What is the highest common factor of 4482 and 332?
166
What is the greatest common divisor of 17 and 9044?
17
Calculate the greatest common divisor of 140 and 224.
28
Calculate the highest common factor of 2499 and 51.
51
Calculate the highest common divisor of 442 and 26.
26
What is the highest common factor of 540 and 220?
20
Calculate the highest common divisor of 39 and 416.
13
Calculate the greatest common divisor of 57 and 4579.
19
What is the highest common divisor of 14 and 14266?
14
Calculate the greatest common factor of 315 and 1071.
63
What is the greatest common divisor of 170 and 10?
10
What is the highest common factor of 7 and 175?
7
Calculate the greatest common divisor of 493 and 261.
29
What is the greatest common divisor of 228 and 2109?
57
Calculate the highest common divisor of 100 and 1050.
50
What is the greatest common divisor of 324 and 12?
12
What is the greatest common divisor of 7 and 623?
7
Calculate the greatest common divisor of 176 and 64.
16
What is the greatest common factor of 285 and 255?
15
Calculate the highest common divisor of 540 and 297.
27
Calculate the greatest common factor of 253 and 23.
23
What is the greatest common factor of 4819 and 1525?
61
What is the greatest common divisor of 36 and 45?
9
Calculate the highest common factor of 574 and 779.
41
What is the highest common factor of 781 and 355?
71
Calculate the highest common factor of 324 and 24.
12
What is the greatest common factor of 819 and 13?
13
What is the greatest common factor of 33 and 237?
3
Calculate the highest common factor of 1156 and 272.
68
What is the greatest common divisor of 705 and 90?
15
What is the greatest common divisor of 1480 and 40?
40
Calculate the greatest common divisor of 2325 and 50.
25
Calculate the highest common factor of 368 and 304.
16
What is the highest common factor of 87 and 6351?
87
What is the highest common divisor of 1458 and 36?
18
What is the greatest common factor of 450 and 126?
18
Calculate the highest common factor of 1121 and 177.
59
What is the highest common divisor of 20 and 890?
10
Calculate the highest common divisor of 1963 and 52.
13
What is the highest common divisor of 152 and 190?
38
What is the highest common divisor of 7599 and 596?
149
Calculate the highest common factor of 3645 and 180.
45
Calculate the highest common divisor of 338 and 52.
26
What is the highest common factor of 17 and 4063?
17
Calculate the greatest common divisor of 4590 and 190.
10
What is the highest common factor of 12 and 42?
6
Calculate the greatest common factor of 3302 and 52.
26
Calculate the highest common factor of 42 and 1407.
21
What is the highest common divisor of 219 and 1387?
73
Calculate the greatest common divisor of 8 and 68.
4
Calculate the greatest common factor of 56 and 1526.
14
What is the highest common divisor of 6304 and 128?
32
What is the greatest common factor of 187 and 34?
17
Calculate the highest common factor of 1248 and 15288.
312
Calculate the greatest common divisor of 7 and 4613.
7
What is the highest common divisor of 27884 and 4?
4
What is the greatest common factor of 3 and 144?
3
What is the greatest common divisor of 102 and 36618?
102
Calculate the highest common divisor of 218 and 2.
2
What is the highest common factor of 2405 and 455?
65
What is the greatest common divisor of 1645 and 560?
35
Calculate the highest common divisor of 261 and 99.
9
What is the greatest common factor of 143 and 13871?
143
What is the highest common divisor of 45 and 36?
9
Calculate the highest common divisor